 -a*o = -8*o + 3*m - 576, 0 = -4*m + 8. What are the prime factors of o?
3, 5, 19
Suppose -x = -34 - 7. Let p = x + -48. Let g(u) = u**2 + u + 6. List the prime factors of g(p).
2, 3
Let z be 6/(-8)*(-328)/82. Suppose 3*j + 5*c - 634 = 1706, 0 = -z*c - 9. List the prime factors of j.
5, 157
Let c = 6778 + 754. What are the prime factors of c?
2, 7, 269
Suppose -5*g - 1427 = -3*d, 4*d - 3*g = -2*g + 1897. Let y = -22586 + 22588. Suppose y*v + d = 8*v. What are the prime factors of v?
79
Let d = 18839 - 451. What are the prime factors of d?
2, 4597
Let y be (-860)/(-140) + (-1)/7. Suppose -y*j = -j. Suppose j*v = 4*v - 244. List the prime factors of v.
61
Let u be -6*(-4)/(1*-2). Let z(r) = -115*r - 105. Let q be z(5). List the prime factors of (12/8)/(u/q).
5, 17
Suppose -12 = -2*k - k. Suppose -13 - 41 = 5*f + 3*a, -a + 33 = -k*f. What are the prime factors of (-1221)/(-6) + f/12*2?
2, 101
Suppose 60*x + 58*x - 3708890 = -52*x. List the prime factors of x.
21817
Let y(r) = r**3 - 8*r**2 + 5*r + 17. Let s be y(7). Suppose 524 = s*x + 104. Suppose 0 = -k + 4*k + 4*g - x, -5*g = -2*k + 55. What are the prime factors of k?
2, 5
Let y(t) = -t**3 - 5*t**2 - 22*t - 60. What are the prime factors of y(-13)?
2, 3, 263
List the prime factors of (-996)/(-1494) - (-143419)/3.
47807
Suppose -b = 3*i - 7*i - 159, -b - 5*i + 159 = 0. Let h = b + -266. Let l = 260 + h. List the prime factors of l.
3, 17
Let v(x) = -7*x**2 + 4*x + 6. Let z(a) = a + 1. Let n(w) = -v(w) + 5*z(w). Let o = 113 - 114. What are the prime factors of n(o)?
5
Suppose -5*t = -3*u + 9744, -846 = -3*u - 2*t + 8898. What are the prime factors of u?
2, 7, 29
Suppose -6 = -4*a + 4*k + 22, -4*a - 5*k = -10. Suppose -a*t + t + 32 = 0. Suppose p - 19 = -4*s + t, -2*p + 18 = 2*s. What are the prime factors of s?
2, 3
Let p(o) = -2308*o - 3893. List the prime factors of p(-9).
16879
Let j(w) = -w**2 + 9*w - 11. Let l(p) = 2*p - 8. Let u be l(5). Suppose 18 = 2*k + 2*z, 4*k - 2 = u*z + 22. What are the prime factors of j(k)?
3
Let q = 720 + -1191. Let k = -226 - q. List the prime factors of k.
5, 7
Suppose 2*u + 2*y = 67770, -27*u + 4*y - 67768 = -29*u. List the prime factors of u.
2, 16943
Suppose 5*p - 4*p + 4*z - 898 = 0, 5*p = z + 4595. Let b = 1357 - p. List the prime factors of b.
439
Suppose v - 6 = -3. Let l be (4 + -2)/((12/28)/v). Suppose l*d = 10*d + 408. List the prime factors of d.
2, 3, 17
Let k = -405 + 419. Suppose k*x = 15*x - i - 35, 2*i - 170 = -4*x. List the prime factors of x.
2, 5
Let t be 5304/11 - 26/143. Suppose -4*i + 566 = -t. What are the prime factors of i?
2, 131
Suppose 4*f + 182 = 190. Suppose -2*y = f*r - 584, 3*r = 3*y - 205 - 665. List the prime factors of y.
3, 97
Suppose 1808 = 13*m - 15534. Suppose 2*z - m = -2*a, -a = a - 2*z - 1346. Suppose 190 = 10*w - a. What are the prime factors of w?
2, 43
Let g be 78/12 - (-3)/6 - 3. Suppose 19 = 4*x + 3*b, 0 = -g*x + 6*x - 5*b - 3. Suppose s + 3*f - x = 125, f = 5*s - 693. List the prime factors of s.
2, 3, 23
Suppose 3*j + 340 = -2*j + 3*t, -5*t = 0. Let v be (-28)/(-3)*4/(12/(-9)). Let k = v - j. List the prime factors of k.
2, 5
Let f be (-3)/(1 + 0) + 2 + 5. Suppose f*c - 130 = 4*u + 98, -3*c = -6. Let y = 30 - u. List the prime factors of y.
5, 17
Suppose -47724 = -5*k - o, 2*k - o - 14112 = 4986. What are the prime factors of k?
2, 3, 37, 43
Let p be (-4)/(-14) + 562/(-7). Let v = -37 - p. Suppose -a + v + 16 = 0. List the prime factors of a.
59
Let a(h) = -376*h + 1462. List the prime factors of a(-17).
2, 3, 7, 11, 17
Let o(q) be the first derivative of -18*q**3 - q**2/2 + q - 8. Let a be o(1). Let w = -45 - a. List the prime factors of w.
3
Suppose -15 = -3*f - 4*c, -2*f + 5*f - 5*c = 15. Suppose d + 12 = 6*w - w, 0 = f*d + 2*w - 75. What are the prime factors of d?
13
Let t = -41 - -45. Suppose 3*w + 36 = -t*s, -3*s + 2*w + 0*w - 27 = 0. Let u(q) = -9*q + 2. List the prime factors of u(s).
83
Let t = 11681 - 6656. List the prime factors of t.
3, 5, 67
List the prime factors of (-8)/48 + (-93)/(-18) + (-20664)/(-3).
61, 113
Suppose -u = 4*u - 60. Suppose 0 = -5*n + 4*p + 1165, -15*p + 932 = 4*n - u*p. List the prime factors of n.
233
Let i be (1 - 1412/(-3)) + 60/(-90). Suppose -4*h = -9 - i. Suppose -w - 5*r + h + 39 = 0, -r + 541 = 4*w. List the prime factors of w.
2, 67
Suppose 2885 = 3*s - h, 3*s - 4*s + 957 = -5*h. Let q = s + -597. List the prime factors of q.
5, 73
Let d = 24228 + -8883. List the prime factors of d.
3, 5, 11, 31
Let n(y) = y**3 + 21*y**2 + 5. Let a be n(-21). Suppose -2*l - 2 = a*q - 5, -3*q + 1 = l. What are the prime factors of (6/l)/((-3)/(-110))?
5, 11
Let x(i) = 21*i**2 - i**3 + 6 + i**3 - 3 - i**3. Let b be x(21). Suppose -b*l + 680 = 2*p, -4*l + p = 3*p - 910. What are the prime factors of l?
2, 5, 23
Let j = 2870 + 11630. List the prime factors of j.
2, 5, 29
Let d be (-1)/((-4)/364) - 1. Suppose -68 = n - 2*l, -3*n + 0*l - 212 = -2*l. Let k = n + d. What are the prime factors of k?
2, 3
Suppose -4*o = 5*j - 130 + 907, 0 = 2*o - 2*j + 384. Let l = 509 - o. Suppose -5*n - 3*x = -0*x - l, 0 = 3*n + x - 422. What are the prime factors of n?
3, 47
Let x(f) = 24*f + 66. Let w = 109 - 90. List the prime factors of x(w).
2, 3, 29
Let s = 8711 + 48. List the prime factors of s.
19, 461
Let u(j) = -47*j**3 + 3*j**2 + j - 4. Let x be u(-2). Suppose 110 - x = 4*a. List the prime factors of (-12)/4*a/12.
17
Let g(i) = i**3 + i - 1. Let p be g(3). Let r(h) = h**2 - 3*h - 40. Let s be r(-7). Let q = p + s. List the prime factors of q.
59
Let p be (170/15)/(1/(-15)*2). Let n = p + 98. List the prime factors of n.
13
Let a = 1860 - -10649. List the prime factors of a.
7, 1787
Suppose -o + 2*o + 5 = 0. Let l = o + -6. Let s = l - -13. List the prime factors of s.
2
What are the prime factors of (3*-1 - (-416235)/21) + 2/7?
2, 3, 367
Let t be (-4 + 4038)/(-3 - 15/(-3)). Let g = -480 + t. What are the prime factors of g?
29, 53
Suppose 2*r = 4*r. Suppose r = 67*s - 64*s - 3. List the prime factors of -12 - -35 - 1/1*s.
2, 11
Let f(m) = -2*m - 18. Let g be f(-9). Suppose -5*s + 2*c + 122 = 0, -3*c + 69 = 3*s - g*c. What are the prime factors of ((-36)/s)/(6/(-104))?
2, 13
Let w be (-9)/(-8)*116/(-6)*-4. Let r = 90 - w. Let f(t) = 3*t**3 + t**2 + 5*t - 5. List the prime factors of f(r).
2, 5
Suppose 254*b + p - 234879 = 251*b, -5*b = 2*p - 391467. What are the prime factors of b?
3, 8699
Let p(n) = 441*n + 3369. What are the prime factors of p(22)?
3, 4357
Let f = -40 - -45. Suppose -815 = -f*y + 545. What are the prime factors of y?
2, 17
Let t(v) = v**2 - 7*v + 85. Suppose -170*i + 172*i - 34 = 0. List the prime factors of t(i).
3, 5, 17
Let i(h) = 263*h + 6677. What are the prime factors of i(52)?
20353
List the prime factors of (43*(-1 - -2))/(37740/5389 - 7).
43, 317
Let j be 0/(2/(10/(-5))). Suppose j = -7*f + 114 - 23. What are the prime factors of (-80)/6*(-13)/(f/15)?
2, 5
Let d(f) = -f**2 + 36*f - 300. Let h be d(12). List the prime factors of 7*(h/42 - 4668/(-21)).
2, 3, 7, 37
List the prime factors of (6/(-21) + 18/14)*(11 - -7762).
3, 2591
Let s = -4273 - -8901. What are the prime factors of s?
2, 13, 89
Suppose -2*m = -o + 60 - 24, -m = -3*o + 18. Let a be ((-4)/3)/(4/m). What are the prime factors of 2*3/18 + 382/a?
2
Suppose 162*r - 1088043 - 209752 = 3308999. List the prime factors of r.
3, 9479
Suppose -9*a + 16909 = -21287. Suppose 0*k = -4*k - 3*l + a, -k = -3*l - 1046. List the prime factors of k.
2, 23
Suppose 9*y - 1 - 8 = 0. Let t(z) = 10*z - 5 + 2 + 1 + 2*z**2 + y. What are the prime factors of t(7)?
167
Suppose 6*j = 3*j + 6. Suppose 2*g - 120 = -2*l, -l = -j*g + 2*l + 145. Let i = 128 + g. What are the prime factors of i?
193
Let v(p) = p + 1. Let y(h) = -5*h**2 + 3. Let l(c) = -2*v(c) - y(c). Let n = -241 + 246. What are the prime factors of l(n)?
2, 5, 11
Suppose -3*h + 81 = 5*o, 2*o = 16 - 10. Suppose -3*p = 12, 2*j + 2*p + 22 = p. Let u = h - j. List the prime factors of u.
31
Suppose 3*p + 2*p + 2*g + 203 = 0, -2*g + 207 = -5*p. Let u = p - -26. List the prime factors of (0 - 0 - u)*3.
3, 5
Let u be 10*(-242*4)/(-8). Let f = u - 750. What are the prime factors of f?
2, 5, 23
Suppose 0 = -6*p + p - 4*f + 7, -3*f + 6 = 4*p. Let q be ((2 + -3)*0/1)/p. Suppose q*w +